ive u(100).
2
Let n(h) = -2*h**2 - 65*h - 66. Determine n(-33).
-99
Let j(h) = -22086*h - 772995. Determine j(-35).
15
Let m(z) = -3264*z**2 - 10*z - 2. Calculate m(-1).
-3256
Let k(c) = -241*c + 2330. Determine k(11).
-321
Let w(n) = -n**2 - 17164*n - 1128384. Determine w(-66).
84
Let y(l) = 478*l**2 - 945*l - 1890. What is y(-2)?
1912
Let w(h) = 8*h**2 - 266*h + 578. Determine w(31).
20
Let d(z) = 14*z**2 - 15443*z + 46199. Calculate d(3).
-4
Let o(u) = 235*u**3 + 6345*u**2 - 2*u - 84. Calculate o(-27).
-30
Let x(g) = -g**3 - 198*g**2 - 707*g - 23788. Give x(-195).
2
Let p(h) = 13*h**2 - 4*h + 249. Calculate p(-5).
594
Let m(c) = 2*c**2 - 306*c - 1302. Determine m(163).
1958
Let h(m) = 150924*m - 31543136. Determine h(209).
-20
Let l(z) = -z**2 - 74615*z - 596827. Determine l(-8).
29
Let o(l) = 8*l**2 + 2803*l + 30839. Give o(-11).
974
Let l(j) = -15767*j - 346938. Determine l(-22).
-64
Let r(b) = 2671*b + 21304. Determine r(-8).
-64
Let l(s) = -13292*s - 56097. What is l(-4)?
-2929
Let s(k) = k**2 - 1690*k - 76191. What is s(-44)?
105
Let a(o) = -2601*o + 126769. Determine a(49).
-680
Let s(y) = 2385*y - 200357. Give s(84).
-17
Let m(x) = -9221*x - 73747. What is m(-8)?
21
Let a(w) = 581*w**2 - 2855*w - 263. Determine a(5).
-13
Let h(b) = b**2 - 37*b - 536. Calculate h(42).
-326
Let z(f) = -f**2 + 440*f + 114007. Give z(623).
-2
Let w(l) = 206248*l - 1031263. Give w(5).
-23
Let z(l) = 12*l**3 - 49*l**2 + 875*l - 5231. Determine z(6).
847
Let b(l) = -l**3 + 71*l**2 - 71*l - 30. Give b(70).
-100
Let l(p) = -53730*p + 14614556. Give l(272).
-4
Let k(p) = -3189*p + 19124. What is k(6)?
-10
Let k(u) = 27*u**3 - 2618*u**2 - 52*u - 4360. What is k(97)?
5
Let d(a) = 14*a**2 + 3107*a - 1070. Determine d(-222).
-848
Let q(k) = -k**3 + 27*k**2 + 143*k - 110. What is q(31)?
479
Let o(x) = 140*x + 637. What is o(-2)?
357
Let z(v) = 360044*v + 2160310. Give z(-6).
46
Let m(u) = -6898*u + 3690387. Calculate m(535).
-43
Let w(r) = -7*r**2 + 228*r + 756. What is w(35)?
161
Let o(s) = 12*s**2 - 2357*s + 21084. Determine o(187).
-47
Let o(y) = 5*y**2 - 312*y + 534. Give o(56).
-1258
Let k(h) = -h**3 + 22*h**2 - 16*h + 71. Calculate k(9).
980
Let c(n) = -4*n**3 + 9*n**2 + 18*n + 10. Give c(-1).
5
Let w(z) = -210*z**3 - 847*z**2 - 15*z + 34. Calculate w(-4).
-18
Let t(y) = -2358*y + 2042024. What is t(866)?
-4
Let u(j) = -22*j**2 - 839*j + 23862. Give u(19).
-21
Let p(z) = 188*z**2 - 3186*z + 2. Calculate p(18).
3566
Let q(k) = -217*k**2 - 3245*k + 34. Calculate q(-15).
-116
Let f(j) = 6*j**3 - j**2 - 30*j - 1553. Give f(0).
-1553
Let o(i) = 3*i**3 + 497*i**2 + 18206*i + 72. Calculate o(-111).
-150
Let x(l) = -3*l**2 - 155*l + 1601. Determine x(13).
-921
Let m(k) = 1453*k - 21629. Determine m(20).
7431
Let a(k) = -k**3 + 128*k**2 + 73*k - 24234. What is a(127)?
1166
Let m(s) = -485*s + 6420. Give m(13).
115
Let k(v) = -1363*v + 7757. Calculate k(6).
-421
Let s(h) = -h**3 + 264*h**2 - 527*h + 707. What is s(262)?
-79
Let q(h) = -9*h - 1066. Give q(-94).
-220
Let f(z) = z**2 - 60*z - 367. Determine f(80).
1233
Let m(g) = -24*g**3 - 1199*g**2 - 209*g - 12960. Calculate m(-50).
-10
Let u(d) = -42*d**2 - 1091*d + 2390. What is u(-28)?
10
Let h(l) = -16877997*l - 67511986. Give h(-4).
2
Let w(d) = -2*d**2 + 274*d + 40294. Give w(226).
66
Let t(c) = 5416*c - 1121110. Determine t(207).
2
Let d(n) = -60*n**2 + 1913*n + 13633. Give d(-6).
-5
Let z(m) = 232362*m + 3717699. Calculate z(-16).
-93
Let s(x) = -499863*x - 8497660. What is s(-17)?
11
Let x(c) = -133*c**2 - 18219*c - 8. What is x(-137)?
-282
Let g(h) = -134*h + 17679. Give g(133).
-143
Let s(g) = g**3 - 12*g**2 + 25411*g - 177633. Determine s(7).
-1
Let b(u) = -u**2 - 203*u - 9248. Give b(-63).
-428
Let s(y) = 132*y**2 + 508*y - 771. What is s(-5)?
-11
Let s(v) = -2228*v - 135908. Give s(-61).
0
Let n(k) = 122*k - 315. What is n(9)?
783
Let s(r) = -7*r**3 + 386*r**2 + 732*r + 508. What is s(57)?
-5
Let m(o) = -9*o**3 - 547*o**2 + 112*o - 632. Calculate m(-61).
-22
Let o(u) = -314355*u + 314339. Calculate o(1).
-16
Let h(n) = 6*n**3 - 422*n**2 + 4714*n + 248. Give h(14).
-4
Let j(l) = -l**3 + 197*l**2 - 400*l - 1216. What is j(195)?
-3166
Let i(q) = -493*q**3 - 7*q**2 - 9*q - 1. What is i(-1)?
494
Let j(l) = -7*l**2 + 159*l + 78. What is j(24)?
-138
Let n(f) = 743*f - 45848. Calculate n(62).
218
Let o(h) = 13*h**2 - 2*h - 12. Determine o(7).
611
Let y(i) = -2889*i + 135655. Determine y(47).
-128
Let j(k) = k**3 - 45*k**2 + 3*k - 965. Determine j(47).
3594
Let t(u) = -u**3 + 161*u**2 - 1843*u + 22. Give t(13).
1075
Let c(s) = 2577*s + 136642. What is c(-53)?
61
Let n(u) = -3*u**2 - 53*u + 1100. Give n(-28).
232
Let n(b) = -b**2 - 15352*b + 92152. Give n(6).
4
Let h(f) = -f**3 - 13*f**2 + 54*f + 416. What is h(-5)?
-54
Let l(a) = -5837*a - 64194. Determine l(-11).
13
Let b(q) = -1423*q + 49814. Give b(35).
9
Let r(z) = -4*z**3 + 21*z**2 - 22*z + 255. Determine r(6).
15
Let x(g) = 20*g**2 - 3931*g - 5475. Determine x(198).
267
Let w(d) = -4*d**3 - 5726*d**2 + 2790*d - 105977. Calculate w(-1432).
-9
Let p(o) = -1597924*o + 47937722. Give p(30).
2
Let r(a) = a**2 + 46111*a - 553179. Calculate r(12).
297
Let i(o) = 3*o**3 - 67*o**2 - 40*o - 137. Calculate i(23).
1
Let v(s) = -s**3 - 3*s**2 + 2548*s + 7657. Give v(-3).
13
Let c(h) = -h**2 - 225*h - 10810. Give c(-155).
40
Let b(f) = f**3 - 15*f**2 - 103*f + 547. What is b(18)?
-335
Let w(s) = 22*s**3 - 20*s - 33. What is w(-3)?
-567
Let k(a) = -4*a**2 - 271*a + 4559. Determine k(15).
-406
Let h(a) = a**2 + 167*a + 7150. Give h(-127).
2070
Let a(m) = -15*m**3 - 69*m**2 - 515*m - 1921. Calculate a(-4).
-5
Let m(p) = p**2 + 59*p - 2360. Calculate m(-86).
-38
Let t(x) = -x**2 - 1402*x - 199804. What is t(-1241)?
-3
Let m(z) = -1070264*z + 5351312. What is m(5)?
-8
Let o(s) = s**2 + 44*s + 288. Calculate o(-34).
-52
Let b(z) = z**3 + z**2 + 42*z - 9. What is b(6)?
495
Let u(s) = 2510*s + 55494. Calculate u(-22).
274
Let m(s) = 3*s**2 - 8790*s + 1554151. Give m(189).
4
Let h(t) = -2*t**3 - 69*t**2 - 394*t - 255. What is h(-6)?
57
Let q(r) = 3137*r + 12372. Determine q(-4).
-176
Let h(w) = 170282*w + 1191996. What is h(-7)?
22
Let x(g) = -8*g**2 - 3084*g + 30001. Determine x(-395).
-19
Let f(o) = 7080*o - 5600313. What is f(791)?
-33
Let z(v) = v**2 - 67*v + 518. Calculate z(9).
-4
Let c(b) = 697*b**2 + 820*b. Calculate c(1).
1517
Let c(d) = -9*d**3 + 620*d**2 + 75*d - 415. What is c(69)?
-1
Let v(m) = -153747*m + 1229896. Determine v(8).
-80
Let v(u) = -10432*u - 865873. Calculate v(-83).
-17
Let t(m) = -7015*m + 77100. What is t(11)?
-65
Let x(b) = 3*b**3 - 31*b**2 - 205*b - 123. Calculate x(-7).
-1236
Let y(f) = -57*f + 3033. Determine y(22).
1779
Let f(k) = 3*k**2 - 18457*k - 43. What is f(0)?
-43
Let a(s) = 2*s**3 + 17*s**2 - 24*s + 174. Give a(-17).
-4331
Let t(p) = 3*p**2 - 327*p - 6275. Calculate t(-18).
583
Let u(s) = -631*s + 5732. What is u(9)?
53
Let u(f) = 5*f**3 + 834*f**2 - 170*f + 1177. Calculate u(-167).
1678
Let g(k) = 7*k**3 - 3185*k**2 - 47*k + 21399. What is g(455)?
14
Let u(h) = h**3 - 250*h**2 + 981*h + 296. Calculate u(246).
-442
Let v(i) = -550281*i + 3851920. What is v(7)?
-47
Let g(r) = -31290*r + 22. Calculate g(0).
22
Let t(x) = x**3 + 660*x**2 - 4549*x - 6349. What is t(8)?
11
Let d(l) = -90*l**2 - 33648*l - 259128. Give d(-366).
0
Let k(u) = 35*u**2 - 39*u - 448. Determine k(-6).
1046
Let k(s) = -51*s**3 + 199*s**2 + 197*s - 713. Calculate k(4).
-5
Let v(a) = -265*a + 2022. Give v(3).
1227
Let o(m) = 2868*m - 25525. What is o(9)?
287
Let a(u) = 3471*u - 777505. What is a(224)?
-1
Let h(z) = 55417*z - 277016. Determine h(5).
69
Let g(k) = 32*k**2 - 4407*k - 8970. Determine g(-2).
-28
Let g(c) = -700*c + 61608. Calculate g(88).
8
Let w(i) = -11*i**3 - 1522*i**2 - 552*i - 69. What is w(-138)?
-69
Let l(c) = -121*c**2 - 11122*c + 391. Calculate l(-92).
-529
Let q(v) = 9*v**2 - 1035*v + 19651. Calculate q(91).
-5
Let k(q) = -12*q**2 - 4453*q - 17692. Calculate k(-4).
-72
Let r(b) = -b**2 - 199*b - 9865. Determine r(-123).
-517
Let y(b) = 1490*b - 64218. Determine y(44).
1342
Let s(p) = -5*p**3 + 1773*p**2 + 730*p - 7090. Give s(355).
10
Let p(b) = -3834*b - 19827. Determine p(-5).
-657
Let v(u) = 1225*u - 5884. What is v(5)?
241
Let m(j) = -14*j*